digit of k?
1
Let p = -116 + 173. What is the tens digit of p?
5
Let u = 20 - 4. Let x = -10 + u. Let a(v) = -v**3 + 6*v**2 + 2*v - 4. What is the units digit of a(x)?
8
Let u be 1*-1*(0 - 5). Suppose -u*b - 155 = -0*b. Let s = -19 - b. What is the tens digit of s?
1
Let q = 53 + -34. What is the tens digit of q?
1
Suppose r = 7 - 2. Let b(j) = 4*j + 5. Let f(u) = 2*u + 2. Let o(w) = -2*b(w) + 5*f(w). What is the units digit of o(r)?
0
Suppose 14*i - 3*i - 231 = 0. Suppose -o - 4*o + 10 = 0. Suppose -i + 2 = -b - 5*q, o*q - 2 = 0. What is the tens digit of b?
1
Suppose 5*a - 5 = 4*a. Let j = a + -3. Suppose j*m = 4*m - 22. What is the tens digit of m?
1
Suppose -5*w - u = -86 - 94, 3*u + 90 = 3*w. Suppose -g + 6*g - w = 0. What is the units digit of g?
7
Suppose 2*n + 5*h - 6 = 0, h = 3*n - 2*n - 3. Suppose 5*d - 24 = n*d. Suppose 5*t - 13 = d. What is the units digit of t?
5
Let g = 24 + -5. Suppose 4*d - 5 - g = 0. What is the units digit of d?
6
Suppose 3*j = -0*j - 90. Let c = -17 - j. Suppose 4*v + 2*p = c - 3, -4*v - 4*p = 0. What is the units digit of v?
5
Let y(m) = m**3 - 2*m**2 - 3*m. What is the tens digit of y(4)?
2
Let t = -4 - -6. Suppose -21 = -2*n - s, t*n - 6 = -4*s - 0*s. Let h = n + 1. What is the units digit of h?
4
Suppose -11 = c - 44. Suppose -c = -0*f - f. Let p = 50 - f. What is the tens digit of p?
1
Let r be 4 - (-1 - -2)/1. Suppose -i = -r*x, 2*x - 1 = x. Suppose -i*m + 19 - 1 = 0. What is the units digit of m?
6
Let n(b) be the second derivative of b**3/3 + 2*b**2 + 5*b. What is the units digit of n(5)?
4
Suppose 2*u - 30 = -4*x, 2*x = -2*u + 5 + 11. Suppose 0*q + x = 2*f - q, -7 = -3*f + 5*q. Suppose 1 - 5 = -f*a. What is the units digit of a?
1
Let m = -17 - -24. What is the units digit of m?
7
Suppose -3 = -6*t + 3*t, -65 = -5*j - 5*t. Suppose 4*g - 4*a = -0*a - 8, a - j = -4*g. What is the units digit of g?
2
Suppose f - 2 = 20. Let k = -3 + f. What is the units digit of k?
9
Let z = 4 + 0. Suppose -2*n = z*x - 2, 2*n + 3*n - 4*x = 61. What is the units digit of n?
9
Let v = -47 + 48. Let t(y) = y**2 - 2*y. Let j be t(2). Let r = v - j. What is the units digit of r?
1
Suppose 2*g = -3*g. Suppose 2*l + g = 22. What is the tens digit of l?
1
What is the hundreds digit of (37/(-2))/(-2 + (-11)/(-6))?
1
Let k be (-21)/(-9) + 2/(-6). Suppose 5*g - k*u - 18 = 0, 3*g = 7*u - 3*u + 22. Suppose 0 = -4*r - 5 + 1, -g*a - 4*r + 12 = 0. What is the units digit of a?
8
Let d(l) = l**2 - l + 1. Let z(m) = 4*m**2 + 2*m + 11. Let s(u) = -5*d(u) + z(u). What is the tens digit of s(5)?
1
Let o(w) = w**3 - 8*w**2 + 4*w - 21. What is the units digit of o(9)?
6
Let f(i) = -44*i**2 - 4*i - 4. Let o be f(6). What is the tens digit of o/13*1/(-4)?
3
Let x(h) = -2*h + 0 + 2*h**2 - 1 + 0. Let t be x(-1). Suppose f - t + 2 = 0. What is the units digit of f?
1
Let z = 120 + 5. What is the hundreds digit of z?
1
Suppose -5*u + 2*u = 3. Suppose -r - 4 = -y, -4*y - 5*r - 4 = -2. What is the tens digit of ((-54)/(-3))/(y + u)?
1
Suppose 2*u = -10, 3*k + 0*u - 380 = -2*u. What is the tens digit of k?
3
Let m = 33 - -41. What is the units digit of m?
4
Let k(c) = -c**3 + 16*c**2 + 16*c - 28. What is the units digit of k(16)?
8
Suppose 5*q = 3*t - 184, t - q = 4*q + 48. What is the tens digit of t?
6
Let t(k) = -2*k**2 - 2*k + 2. Let v be t(-2). Let g = v + 8. What is the units digit of g?
6
Let i = -17 + 14. Suppose -d + 2*d = 4. Let a = i + d. What is the units digit of a?
1
Suppose 8*w + 20 = 4*w. Let f = -1 - w. Suppose 2*m = -0*m + f. What is the units digit of m?
2
Suppose 3*g - 3 = -2*d, 3*d - 2*g + 1 + 1 = 0. Suppose 4*m = 3*m + 3*v + 12, 4*m - v - 15 = d. What is the units digit of m?
3
Suppose 4*c - 3*r = 272, -7*c + 343 = -2*c - 3*r. What is the units digit of c?
1
Let n be (2 - 1)/((-2)/(-54)). Suppose 4*f = -4*t + 4, -7 = -2*t + f + 7. Suppose -t = 2*j - n. What is the units digit of j?
1
Let y(c) = -4*c**3 + 6*c**2 - 5*c + 7. Let f(o) = 5*o**3 - 6*o**2 + 4*o - 7. Let d = -8 - -4. Let m(z) = d*y(z) - 3*f(z). What is the units digit of m(5)?
8
Let f(l) = 37*l - 7. Let k be f(4). What is the units digit of 2/(-3) + k/9?
5
Suppose -22 = -l - 4*g, -3*g + 20 = 2*l + 1. Suppose -16 = 3*w - y - 53, 5*w + 5*y - 55 = 0. Let m = w - l. What is the units digit of m?
0
Suppose 10*k - 5*k = 15. Suppose -2*u - k*u = 2*j - 34, -2*u = 3*j - 18. Let d = 8 - u. What is the units digit of d?
2
Let o(b) = 3*b**2 - 8*b - 2. What is the units digit of o(8)?
6
Let q be -3 + 2 + (-1 - 0). What is the tens digit of q/8 - 49/(-4)?
1
Let l(v) = v**3 + 8*v**2 + 2*v + 10. Let a(d) = d**2 - d + 1. Let x(o) = 2*a(o) - l(o). What is the tens digit of x(-6)?
1
Let u(p) = p**2 + 3*p. What is the tens digit of u(11)?
5
Suppose 6 = y - 5. Suppose -5 = -4*z + y. Suppose -39 = -z*d + d. What is the tens digit of d?
1
Let x be ((-8)/(-6))/(1/(-36)). Let k = x + 72. Suppose -2*w - 10 + k = 0. What is the units digit of w?
7
Suppose 25 = 2*r + 3*r. Let z(c) = c**3 + 5*c**2 - 7*c - 6. Let f be z(-6). Suppose 2*m + 5*x - 2 = f, -r*m + 4*x + 6 = 1. What is the units digit of m?
1
What is the units digit of (-13)/(4 - 0 - 99/24)?
4
Let z be 1 + 0 - 4/(-1). Suppose -z*a + 7 = -8. What is the units digit of a?
3
Let i(z) be the first derivative of -z**2 + 6*z + 1. What is the tens digit of i(-6)?
1
Suppose -3*k + y - 4*y = -72, 0 = 3*k - 4*y - 44. What is the units digit of k?
0
Let u = -1 - -4. Suppose -u*v - 2*v = 70. Let w = 24 + v. What is the tens digit of w?
1
Suppose -o = 2 - 4. Suppose o*l - 44 = 26. What is the tens digit of l?
3
Let f(q) be the first derivative of q**4/4 - 11*q**3/3 + 11*q**2/2 + 2*q - 13. Let m be (0 + -1)*(2 - 12). What is the tens digit of f(m)?
1
Let y(n) = n**2 - 5*n + 5. Let p be y(-5). Suppose r - 6*r = -p. What is the units digit of r?
1
Let l = 23 + -15. Let r(i) = 3*i + 7. Let x(c) = 4*c + 8. Let a(z) = -5*r(z) + 4*x(z). What is the units digit of a(l)?
5
Suppose 0 = -0*b - 2*b + 2. What is the units digit of b?
1
Suppose 6*f = 4*f. Suppose 5*o + 105 = 5*d - f*d, 0 = 2*d + o - 45. What is the units digit of d?
2
Let w(x) = -x**3 + 3*x + 4. What is the units digit of w(0)?
4
Suppose 3*j + 1 = 4*w - 11, 5*w - 15 = -j. Suppose -3*d + 3 = -n, 3*d - 4*n = -d - 4. Suppose -w = -x - d. What is the units digit of x?
1
What is the tens digit of -2*(-2)/((-16)/(-100))?
2
Let i = 4 - -1. Suppose -1 = -2*u + i. Suppose 3*m = -15, 5*j + u*m = 4 + 6. What is the units digit of j?
5
Let v = 26 - -4. What is the tens digit of v?
3
Suppose 0 = w - 1 - 1, 0 = -4*b - w + 714. What is the hundreds digit of b?
1
Let d = 279 - 97. What is the units digit of d?
2
What is the hundreds digit of -216*3/4*56/(-63)?
1
What is the units digit of 387/9*1/1?
3
Let h be 4164/(-18) - 2/3. What is the tens digit of 6/27 + h/(-9)?
2
Suppose -2*m = 2*m + 104. Let b = 42 + m. What is the tens digit of b?
1
What is the units digit of 4/10*40/2?
8
Let n = 1038 + -710. What is the tens digit of n?
2
Let p be (-1 - 0)/(2/(-8)). Let m(w) = w + 5. What is the units digit of m(p)?
9
What is the units digit of 0 + (-15)/(-3) - -70?
5
Suppose -84 = -3*q + 21. Suppose -6 = -o + q. What is the tens digit of o?
4
Let d(u) = -u**2 + 5*u - 5. Let z be d(5). Let b = z + 7. What is the units digit of b?
2
Let y = 25 + -22. What is the units digit of y?
3
Let k(j) = j**3 - 7*j**2 - 7*j - 1. Let l be k(8). Let q(c) = c**2 - 6. What is the units digit of q(l)?
3
Suppose 2*m + 0*k - 3 = k, 15 = 5*m - 4*k. Let l = 4 - m. Let r = 11 - l. What is the units digit of r?
6
Suppose d - 31 = -10. What is the tens digit of d?
2
Let c(n) = 6*n - 4. What is the units digit of c(4)?
0
Let l = 275 + -60. What is the hundreds digit of l?
2
Let j(o) = 18*o + 32. What is the hundreds digit of j(5)?
1
Let s(g) = 6 - g**2 - 12 + 7*g - g. Let v be s(4). Suppose -v*a = -a - 16. What is the units digit of a?
6
Suppose -50 = 5*g - 10. Let d be (g - 2)*(-42)/15. What is the units digit of ((-4)/(-8))/(2/d)?
7
Let w be 8*((-30)/8)/(-5). Let z(y) be the first derivative of y**2 - 2*y + 2. What is the units digit of z(w)?
0
Suppose 0 = 3*l - 4*l + 5. Suppose -3 - l = 2*j, 3*g - 5*j = 26. What is the units digit of g?
2
Suppose 5*u - 20 = 3*u. Suppose -s + 5 = z, -5*z + 9 = s - 0*s. Suppose 5*r - u = 4*r + s*n, 0 = -5*n 